i + y. Let c = i + 8. What are the prime factors of c?
3
Let y(p) = -p**2 + 11*p - 5. Let z be y(4). Let j = z + -7. List the prime factors of j.
2
Let p be (5/(-4))/((-1)/4). Let i = -17 - -19. Suppose -4*m + m - p = -y, y - i*m - 5 = 0. What are the prime factors of y?
5
Let u(m) = -m - 2. Let t be u(-4). List the prime factors of (196/35)/(t/5).
2, 7
Let n be (-12)/(-42) - 2/7. Let k be (0 - (1 - n)) + 1. What are the prime factors of (-2)/4*k - -8?
2
Let k = -9 + 11. Suppose 4*a + k*x - 3*x = 13, -3*x = 5*a - 29. List the prime factors of a.
2
Let s(n) = -4*n - 2*n + n**2 - n**3 + 5*n - 26. Let z be s(0). Let y = 40 + z. What are the prime factors of y?
2, 7
Let f = -2 + 4. Let s be 3/(-5)*(-3 - f). Let n = s - -3. What are the prime factors of n?
2, 3
Let n = 7 - 0. Let o = 5 - n. List the prime factors of (-11)/((-2)/(-4)*o).
11
Let w(j) = -j + 5. Let g = -3 - 1. What are the prime factors of w(g)?
3
Suppose 3*o = 2*g + 69, 39 = 2*o + 2*g - g. What are the prime factors of o?
3, 7
Let w be (-116)/3 - 4/12. Let y = w + 78. What are the prime factors of y?
3, 13
What are the prime factors of (8/(-20))/(6/(-2280))?
2, 19
Let y(q) = -7 - 3*q - 5*q - 3*q + q**2. List the prime factors of y(12).
5
Let t be (0/((-1)/(-1)))/(-2). Suppose j - 3 - 1 = t. What are the prime factors of j?
2
Let p = -281 + 410. Let y = p + -84. What are the prime factors of y?
3, 5
Let c = 0 - -5. List the prime factors of c.
5
Suppose -3*x + 2*i + 41 = -0*i, -62 = -4*x - i. What are the prime factors of 1/3 - (-295)/x?
2, 5
Let k(i) = i**3 - 6*i**2 - i - 8. Let d be k(6). Let v be ((-2)/(-3))/(d/(-63)). Let p(h) = 2*h + 3. List the prime factors of p(v).
3
Suppose 0 = 4*j - 25 - 23. Suppose -8*q - 160 = -j*q. List the prime factors of q.
2, 5
Let n = 12 + -32. What are the prime factors of (2 - n/(-6))*-27?
2, 3
What are the prime factors of ((-30)/20)/((2/(-2))/68)?
2, 3, 17
What are the prime factors of (-4)/(-6) + (-195)/(-9)*5?
109
Let d(t) = t**3 - 6*t**2 + 5. Let h be d(6). Suppose 9*z = 4*z + h. What are the prime factors of 1 + z - (-3 - 8)?
13
Suppose -3*f + 37 = -92. What are the prime factors of f?
43
Suppose -3 + 5 = -d. Let h = d - -9. Suppose 0 = 3*t - 2*t - h. List the prime factors of t.
7
Let n(m) = 3*m + 35. What are the prime factors of n(20)?
5, 19
Let o(z) = -z + 12. What are the prime factors of o(-7)?
19
Suppose 3*q = -3*u + 12, 12 = -2*q - 3*q + 3*u. Suppose q = p + p. Suppose p = 5*n - 25, -w - 2*n + 18 = n. What are the prime factors of w?
3
Suppose 5*z - 17 = 4*m, 3*m - 3*z + 5*z - 16 = 0. Let c be 40 - (m + 3/(-3)). Suppose -c = -4*t + 5. List the prime factors of t.
11
Suppose 43 = l - 2*j, 4 = -2*l + j + 96. What are the prime factors of l?
47
Let y be 1/(2/810*3). Suppose 4*w - y = -47. List the prime factors of w.
2, 11
Let w = -70 + 137. List the prime factors of w.
67
Suppose -3*s + 5*g + 7 = -0*s, -2*g = -2*s + 2. Let c = s + 4. Suppose -k - c*f + 22 = 2*f, 4*k = 5*f + 38. List the prime factors of k.
2, 3
Let o be (0 - -2) + 0 + 0. Suppose o*c + b - 58 = -3*c, 23 = c + 4*b. What are the prime factors of c?
11
Let b(y) = y**2 - 5*y + 5. Let l be b(8). Suppose -5*i - 34 = -q, -2*q - 3*i + l = -0*i. What are the prime factors of q?
19
Let i = 174 - 109. List the prime factors of i.
5, 13
Let l = -1 - 3. What are the prime factors of -6*(10/l)/5?
3
Let p(i) = -8*i - 2. Let y be (4/(-10))/((-3)/(-15)). What are the prime factors of p(y)?
2, 7
Suppose -5*k = -4*c - 2 + 1, k + 2*c = -11. Let b be (-12)/(-18) + 14/k. What are the prime factors of b/14 + (-156)/(-7)?
2, 11
Let s(o) = -o**3 + 7*o**2 - 6*o + 3. Let m be s(6). Suppose 2 = -l + 3*t, m*l - 2*l + 3*t - 28 = 0. List the prime factors of l.
13
Let u = 30 - 44. What are the prime factors of 284/6 + u/(-21)?
2, 3
List the prime factors of 1164/18 + -4 + 4/(-6).
2, 3, 5
Suppose -4*c - c = 10. Let n = 14 - c. What are the prime factors of n?
2
Suppose 1449 = 16*h - 951. List the prime factors of h.
2, 3, 5
Suppose 4*l = -12, 51 = d + 2*l + l. List the prime factors of d.
2, 3, 5
Let d(g) = -g**2 - 26*g + 17. What are the prime factors of d(-19)?
2, 3, 5
Let x = 2 - -1. Suppose -3*b = x - 21. What are the prime factors of b?
2, 3
Let y(z) = -z**3 - 3*z**2 - 2*z - 1. Let i be y(-3). Suppose 4*f - 11 - 5 = 0. Suppose -i*c + 3*c = -4*j - 24, c + 18 = -f*j. What are the prime factors of c?
2
What are the prime factors of (4 - 4) + 8*(1 - -1)?
2
Let x(v) = -v**2 - 6*v + 12. List the prime factors of x(-5).
17
Suppose -4*u + 6*u = 26. List the prime factors of (-1 + 3)*-1 + u.
11
Let u(y) = 3*y + 2. Let p be u(10). Let r = p + -23. List the prime factors of r.
3
Let f(s) = s**3 + 13*s**2 - s + 3. Let x be f(-13). Suppose -137 = -5*l + 4*i - 26, -x = 4*i. List the prime factors of l.
19
Suppose 2*k - 6 = 8. List the prime factors of 1 + 1 - (k - 11).
2, 3
Let n = -12 + 8. Let w = 33 + n. List the prime factors of w.
29
Let m = 61 + -35. Suppose 5*f - m = 24. List the prime factors of f.
2, 5
Suppose -w = -4*y + 9, -5*y + 3*w = -0*w - 6. Suppose y*v + 33 = 6*v. What are the prime factors of v?
11
Let h = -7 + 13. Suppose 2*k + 4 - h = 0. Suppose 0 = -4*i + k + 7. What are the prime factors of i?
2
Let s = 13 + -11. Suppose -s*c - 14 = -o, o = -0*o + 3*c + 19. What are the prime factors of o?
2
Let a(c) = 5*c - 1. Let j be (6 - 4) + 1/1. List the prime factors of a(j).
2, 7
Suppose 3*m + 3 = -h + 4, 5*m + 5*h = -15. Let w = 7 - 4. Suppose -5*i + 49 = m*b, 0 = -5*b + w*i - 2*i + 55. What are the prime factors of b?
2, 3
Let g(b) = b**2 + b + 4. Let o be (-6)/((4 - 3) + -3). What are the prime factors of g(o)?
2
Suppose -r = 2*r. Suppose r*m - 7 = -m. Suppose -m*w + 3*w = -4*x - 12, -3*x = 5*w - 23. List the prime factors of w.
2
Suppose -7 = -a - 2. Suppose 6*r = 4*r + a*y + 40, -y = 4. Suppose 5*q - r = 35. List the prime factors of q.
3
Suppose -2*c = -25 - 11. Suppose c*n - 14*n - 140 = 0. What are the prime factors of n?
5, 7
Let p be 0 - (2 - 5) - 1. Suppose p*q = y + 9, -2*q + 2*y + 9 + 1 = 0. Suppose -l - 2 = -0*l, q = -2*u - 4*l. What are the prime factors of u?
2
Suppose 0 = 10*o + o - 1881. What are the prime factors of o?
3, 19
Let h be (-12)/(-9)*6/4. Let p = -2 + h. Suppose k = 3*r + 12, 4*k + 2*r - 6 = -p. What are the prime factors of k?
3
Let y be (6/15)/((-1)/(-10)). Suppose y*v - 5 = -4*j + 27, 5*v = 3*j + 8. Suppose z + 23 = 3*u, -j*u + z + 16 + 14 = 0. List the prime factors of u.
7
Let w(r) = -r**2 - r + 1. Let d(b) = -b**3 + 5*b**2 + 3*b - 15. Let h(i) = -d(i) - 4*w(i). List the prime factors of h(0).
11
Let k be ((-12)/(-15))/((-2)/(-5)). Suppose 0 = k*h - 0*h - 6. List the prime factors of h.
3
Suppose 0 = -2*o + 4*m + 4, 2*o = -2*m + 4 - 0. Let c = 7 - 10. What are the prime factors of c*o*(-21)/6?
3, 7
Suppose 27 = 5*f + 117. Let x = f + 26. What are the prime factors of x?
2
Let y(a) = -a**2 + 26*a + 48. What are the prime factors of y(24)?
2, 3
Suppose -4*c + 106 = v + 28, -29 = -c - 5*v. Let x = -10 + c. What are the prime factors of x?
3
Suppose -615 = -3*q + 3*o, -q + 207 = -14*o + 12*o. List the prime factors of q.
7, 29
Suppose j - 177 = -2*c, c + 0*c - 3*j - 99 = 0. List the prime factors of c/(-4)*(-12)/10.
3
Let h = 58 + -20. List the prime factors of h.
2, 19
Suppose 2*m = 5*c - 18, 3*c + 2*m + 1 + 1 = 0. Let r be 2 + -1 + 30/2. Suppose c*b - b - r = 0. What are the prime factors of b?
2
Let c be (-160)/72 - (-2)/9. List the prime factors of (38/(-8))/(c/8).
19
What are the prime factors of (-1 - -2)*(-7)/(35/(-1510))?
2, 151
Suppose -5*z + 10 = -0*z. Suppose 0*d + z*d = 6. List the prime factors of d.
3
Let j be (24/(-10))/(6/20). Let c = 13 + j. List the prime factors of c.
5
Let t(i) be the first derivative of -1/4*i**4 + 13*i - 3*i**3 + 1 + 11/2*i**2. What are the prime factors of t(-10)?
3
List the prime factors of 3*-1 + (103 - 6/(-1)).
2, 53
Suppose u + 4 = 0, 23 = -x - 5*u + 6. Suppose -x*z = -z - 6. What are the prime factors of z?
3
Suppose 2*m + 8 = 0, 26 = j - 2*m + 6. What are the prime factors of j?
2, 3
Suppose 4*p + 0*p = 0. Let n = p + -4. Let h(f) = f**3 + 6*f**2 + 5*f - 1. List the prime factors of h(n).
11
Suppose 3*z + 8 = 7*z. Suppose z*p - p = 16. What are the prime factors of p?
2
What are the prime factors of (-8 - -8) + 1*15?
3,